3?
213470c
13430113 (base 5) to base 2
100010000010010000
What is 142204432 (base 5) in base 14?
1541bc
224054 (base 6) to base 3
222010021
What is -12231031 (base 4) in base 15?
-8214
221342 (base 10) to base 7
1611212
-77452 (base 10) to base 6
-1354324
15479 (base 12) to base 2
111010101011101
What is -1001111111101010101000 (base 2) in base 3?
-11221010001201
Convert -6d251 (base 15) to base 13.
-c260b
Convert -10210112121 (base 3) to base 6.
-1334024
What is -6156337 (base 8) in base 11?
-a1321a
1210211200 (base 3) to base 10
35604
Convert 2002021000 (base 3) to base 11.
288a5
1421550 (base 6) to base 14
2161c
What is -1120320113 (base 4) in base 8?
-1307027
Convert cc227 (base 16) to base 13.
233771
What is -3cc067 (base 14) in base 15?
-2b968d
Convert -557c35 (base 14) to base 8.
-13045427
Convert -28c50 (base 16) to base 2.
-101000110001010000
What is -31402321 (base 6) in base 16?
-e0269
What is 11002001310 (base 4) in base 3?
2111000100220
Convert -11011211230 (base 4) to base 11.
-830a65
-43745 (base 13) to base 9
-205408
-110442400 (base 5) to base 2
-1110110001100000100
Convert -11646d (base 14) to base 11.
-375a73
-111330 (base 11) to base 7
-1336154
11433626 (base 8) to base 7
30201015
-58374 (base 10) to base 4
-32100012
Convert -1470627 (base 10) to base 12.
-5ab083
-1284849 (base 11) to base 16
-21d4b0
What is -213422040 (base 5) in base 11?
-57945a
Convert -53434503 (base 7) to base 9.
-8488823
What is 462645 (base 7) in base 2?
10100001011010111
What is 143032022 (base 5) in base 10?
752137
Convert 54c037 (base 13) to base 14.
39db55
Convert 4419bb (base 13) to base 7.
16425211
2912a4 (base 16) to base 9
5052341
-1b9458 (base 14) to base 2
-11110000101101100110
69c5a0 (base 13) to base 3
11201122000110
What is -212011022 (base 3) in base 14?
-621d
What is -44516016 (base 7) in base 15?
-511aa0
Convert 11201202112 (base 3) to base 11.
63a80
Convert -407734 (base 8) to base 4.
-200333130
-103774147 (base 8) to base 6
-1434005451
What is -793e9 (base 15) in base 9?
-647003
What is -5717749 (base 10) in base 6?
-322315021
What is -2330631 (base 11) in base 4?
-33201320232
What is 404223532 (base 6) in base 16?
69a730
What is 1324314 (base 5) in base 10?
26834
Convert 1723024 (base 11) to base 12.
b94a77
What is -323212 (base 9) in base 6?
-4043445
What is c44c70 (base 14) in base 7?
110164100
What is -210220201012102 (base 3) in base 8?
-54333272
101121221122 (base 3) to base 9
347848
What is 204354 (base 10) in base 3?
101101022200
What is 1cb81 (base 16) in base 10?
117633
What is 321142204 (base 5) in base 4?
11021200233
-101222221011 (base 3) to base 6
-4350051
Convert c4ce (base 16) to base 12.
251a6
Convert -3324112 (base 7) to base 11.
-25a814
What is 584b16 (base 14) in base 8?
13366100
What is -8a2911 (base 12) in base 3?
-11010220122111
What is -331031131 (base 4) in base 14?
-67525
11150210 (base 6) to base 5
41402201
-151469 (base 11) to base 16
-39a72
Convert 6a197a (base 11) to base 16.
110457
Convert -27206210 (base 8) to base 11.
-3495618
-af864 (base 16) to base 7
-6053026
1010101010000000100 (base 2) to base 3
122201222220
1134441 (base 8) to base 4
1023210201
Convert 10001000000101001000 (base 2) to base 7.
4511012
-421341421 (base 5) to base 8
-6523066
Convert 4123312403 (base 5) to base 13.
1988c50
Convert 52325545 (base 6) to base 13.
412c37
Convert 6a699a (base 11) to base 9.
2088855
Convert 42320 (base 9) to base 2.
110110100111011
What is 121121110222 (base 3) in base 4?
1033310132
-110110111000101101010 (base 2) to base 13
-4ac808
What is 100001101110 (base 3) in base 4?
223133232
Convert 10814 (base 11) to base 15.
4969
Convert 1c2942 (base 13) to base 11.
451a40
1035521530 (base 6) to base 16
aac95e
182432 (base 11) to base 5
33000420
What is -139a53d (base 14) in base 13?
-1c82bc5
Convert 2120011212020 (base 3) to base 11.
850052
Convert -100000111101001 (base 2) to base 9.
-25127
Convert 535353 (base 7) to base 15.
1c8e3
What is 20113232212 (base 4) in base 13?
5baa37
-30132120 (base 4) to base 11
-35431
Convert -1114010202 (base 5) to base 9.
-4606758
Convert -5140551 (base 6) to base 5.
-30341301
What is 117ac (base 14) in base 8?
123274
Convert -11453526 (base 8) to base 3.
-11201122210221
What is 9e61 (base 15) in base 3?
1201010001
What is 2836147 (base 10) in base 9?
5302414
12430316 (base 8) to base 6
135132542
Convert 13a3880 (base 12) to base 3.
21102111021020
-446993 (base 14) to base 16
-237375
What is -1122351 (base 7) in base 3?
-21010012220
-1546000 (base 7) to base 4
-310011202
Convert -3120346 (base 8) to base 6.
-25423330
227266 (base 8) to base 6
1354434
Convert 634601 (base 7) to base 3.
12120111102
Convert dd1dc (base 16) to base 13.
259318
287842 (base 9) to base 8
530367
What is 1122102111100 (base 3) in base 9?
1572440
Convert 41043435 (base 7) to base 2.
1101000011100111010100
347829 (base 10) to base 9
580116
What is 661025 (base 8) in base 5?
24043332
15074342 (base 9) to base 10
7489298
What is 546146 (base 7) in base 6?
2015232
42672 (base 9) to base 15
8588
45b6c9 (base 14) to base 16
243d01
What is -195a976 (base 11) in base 4?
-30213302203
What is -2bd46 (base 14) in base 10?
-109626
What is -5a816a (base 16) in base 13?
-12c89b3
514797 (base 10) to base 13
15041a
What is 131201322 (base 4) in base 6?
2331550
What is 4325553 (base 7) in base 13?
156324
Convert 1010101000000100 (base 2) to base 16.
aa04
30b214 (base 12) to base 4
2322331300
What is 122322131012 (base 4) in base 16?
6ba746
3dcd1 (base 15) to base 2
110000011111110110
4354146 (base 8) to base 4
10131201212
Convert 211020100201 (base 3) to base 14.
b56d8
Convert -14423454 (base 6) to base 5.
-112013312
Convert -191c7 (base 14) to base 11.
-43772
What is 11200100212110 (base 3) in base 16?
25f3d4
What is 130031321 (base 5) in base 8?
2310616
-11010010201 (base 3) to base 10
-81019
What is -1111211102221 (base 3) in base 4?
-3010031200
6b27a (base 15) to base 5
41411230
What is 20956 (base 12) in base 11?
2a200
Convert -62700b (base 12) to base 15.
-20839b
44679a (base 11) to base 7
6022646
Convert -13401410 (base 5) to base 3.
-20222221010
-356224 (base 10) to base 15
-70834
-421372 (base 10) to base 16
-66dfc
Convert -147982 (base 10) to base 4.
-210020032
Convert 12001061 (base 7) to base 11.
6638a4
What is -3dee4 (base 15) in base 13?
-6c826
110101001000111111 (base 2) to base 11
139596
Convert 28133a (base 15) to base 10.
1927855
Convert -325015 (base 6) to base 10.
-27011
Convert -1045703 (base 9) to base 2.
-10001001001011101100
What is -2727a (base 14) in base 5?
-11042130
Convert -23021332 (base 6) to base 11.
-440008
33231112301 (base 4) to base 6
224132305
-20805 (base 16) to base 2
-100000100000000101
Convert 675390 (base 11) to base 13.
2b8944
Convert -753033 (base 11) to base 10.
-1204591
-74b84 (base 14) to base 7
-2253424
Convert 14c08 (base 13) to base 3.
2000000201
-10888 (base 11) to base 12
-9109
Convert 4156135 (base 10) to base 2.
1111110110101011100111
4b141a1 (base 12) to base 4
320013010021
Convert -24360255 (base 8) to base 15.
-70ed8d
100010001111100 (base 2) to base 5
1030112
What is -102110011210 (base 3) in base 14?
-5c1d4
Convert 11020102110200 (base 3) to base 5.
1034032343
843626 (base 16) to base 6
505413542
66266233 (base 8) to base 5
12121432430
10721232 (base 8) to base 5
1044213021
Convert b23509 (base 14) to base 3.
102021221100122
-1177618 (base 9) to base 3
-1012121200122
Convert -783241 (base 10) to base 3.
-1110210101221
What is -17726 (base 8) in base 13?
-392c
Convert 132126046 (base 7) to base 8.
40316535
1010111000001011011100 (base 2) to base 15
3b4d83
What is 100101010111111101 (base 2) in base 15?
3055a
Convert -5e794 (base 15) to base 9.
-510344
Convert 2513502 (base 6) to base 2.
100000110010101110
What is -303112220 (base 4) in base 3?
-101200112112
What is -b7743 (base 12) in base 2?
-111010111001100011
What is 18386 (base 14) in base 7?
343026
-14b6c (base 13) to base 16
-9982
1221773 (base 9) to base 10
664023
-11110110111010001 (base 2) to base 15
-276cc
What is -12b931 (base 13) in base 14?
-bb70b
What is -4739b (base 13) in base 5?
-13132013
Convert 2673564 (base 8) to base 10.
751476
What is 1b6020 (base 12) in base 9?
822426
-2130103143 (base